{"id":2831,"date":"2021-06-10T20:41:13","date_gmt":"2021-06-10T20:41:13","guid":{"rendered":"https:\/\/tacoyburrito.com\/?page_id=2831"},"modified":"2026-02-24T00:07:48","modified_gmt":"2026-02-24T04:07:48","slug":"trabaja-con-nosotros","status":"publish","type":"page","link":"https:\/\/tacoyburrito.com\/?page_id=2831","title":{"rendered":"Trabaja con nosotros"},"content":{"rendered":"\t\t<div data-elementor-type=\"wp-page\" data-elementor-id=\"2831\" class=\"elementor elementor-2831\" data-elementor-settings=\"[]\">\n\t\t\t\t\t\t\t<div class=\"elementor-section-wrap\">\n\t\t\t\t\t\t\t<section class=\"elementor-section elementor-top-section elementor-element elementor-element-687c25b elementor-section-boxed elementor-section-height-default elementor-section-height-default\" data-id=\"687c25b\" data-element_type=\"section\" data-settings=\"{&quot;background_background&quot;:&quot;slideshow&quot;,&quot;background_slideshow_gallery&quot;:[{&quot;id&quot;:2727,&quot;url&quot;:&quot;https:\\\/\\\/tacoyburrito.com\\\/wp-content\\\/uploads\\\/2021\\\/06\\\/Borde-mexicano.jpg&quot;}],&quot;background_slideshow_loop&quot;:&quot;yes&quot;,&quot;background_slideshow_slide_duration&quot;:5000,&quot;background_slideshow_slide_transition&quot;:&quot;fade&quot;,&quot;background_slideshow_transition_duration&quot;:500}\">\n\t\t\t\t\t\t<div class=\"elementor-container elementor-column-gap-default\">\n\t\t\t\t\t<div class=\"elementor-column elementor-col-100 elementor-top-column elementor-element elementor-element-8f5029e\" data-id=\"8f5029e\" data-element_type=\"column\">\n\t\t\t<div class=\"elementor-widget-wrap elementor-element-populated\">\n\t\t\t\t\t\t\t\t<div class=\"elementor-element elementor-element-add06a9 elementor-widget elementor-widget-spacer\" data-id=\"add06a9\" data-element_type=\"widget\" data-widget_type=\"spacer.default\">\n\t\t\t\t<div class=\"elementor-widget-container\">\n\t\t\t\t\t<div class=\"elementor-spacer\">\n\t\t\t<div class=\"elementor-spacer-inner\"><\/div>\n\t\t<\/div>\n\t\t\t\t<\/div>\n\t\t\t\t<\/div>\n\t\t\t\t\t<\/div>\n\t\t<\/div>\n\t\t\t\t\t\t\t<\/div>\n\t\t<\/section>\n\t\t\t\t<section class=\"elementor-section elementor-top-section elementor-element elementor-element-1cd341e elementor-section-boxed elementor-section-height-default elementor-section-height-default elementor-invisible\" data-id=\"1cd341e\" data-element_type=\"section\" data-settings=\"{&quot;animation&quot;:&quot;zoomIn&quot;}\">\n\t\t\t\t\t\t<div class=\"elementor-container elementor-column-gap-default\">\n\t\t\t\t\t<div class=\"elementor-column elementor-col-100 elementor-top-column elementor-element elementor-element-a316a75\" data-id=\"a316a75\" data-element_type=\"column\">\n\t\t\t<div class=\"elementor-widget-wrap elementor-element-populated\">\n\t\t\t\t\t\t\t\t<div class=\"elementor-element elementor-element-39db3e4 elementor-widget elementor-widget-image\" data-id=\"39db3e4\" data-element_type=\"widget\" data-widget_type=\"image.default\">\n\t\t\t\t<div class=\"elementor-widget-container\">\n\t\t\t\t\t\t\t\t\t\t\t\t\t\t\t<img loading=\"lazy\" decoding=\"async\" width=\"600\" height=\"90\" src=\"https:\/\/tacoyburrito.com\/wp-content\/uploads\/2021\/06\/Trabaja-con-nosotros.jpg\" class=\"attachment-large size-large\" alt=\"\" srcset=\"https:\/\/tacoyburrito.com\/wp-content\/uploads\/2021\/06\/Trabaja-con-nosotros.jpg 600w, https:\/\/tacoyburrito.com\/wp-content\/uploads\/2021\/06\/Trabaja-con-nosotros-300x45.jpg 300w\" sizes=\"auto, (max-width: 600px) 100vw, 600px\" \/>\t\t\t\t\t\t\t\t\t\t\t\t\t\t\t<\/div>\n\t\t\t\t<\/div>\n\t\t\t\t\t<\/div>\n\t\t<\/div>\n\t\t\t\t\t\t\t<\/div>\n\t\t<\/section>\n\t\t\t\t<section class=\"elementor-section elementor-top-section elementor-element elementor-element-3b9c058 elementor-section-boxed elementor-section-height-default elementor-section-height-default\" data-id=\"3b9c058\" data-element_type=\"section\">\n\t\t\t\t\t\t<div class=\"elementor-container elementor-column-gap-default\">\n\t\t\t\t\t<div class=\"elementor-column elementor-col-100 elementor-top-column elementor-element elementor-element-fefb14f\" data-id=\"fefb14f\" data-element_type=\"column\">\n\t\t\t<div class=\"elementor-widget-wrap elementor-element-populated\">\n\t\t\t\t\t\t\t\t<div class=\"elementor-element elementor-element-1386e1a elementor-widget elementor-widget-text-editor\" data-id=\"1386e1a\" data-element_type=\"widget\" data-widget_type=\"text-editor.default\">\n\t\t\t\t<div class=\"elementor-widget-container\">\n\t\t\t\t\t\t\t\t<p style=\"text-align: center;\">Buscamos nuevos miembros para nuestra familia <strong>Taco &amp; Burrito,<\/strong> personas con actitud positiva, compromiso y apasionados por servir y crear experiencias \u00fanicas para nuestros clientes.<\/p><p style=\"text-align: center;\">En <strong>Taco &amp; Burrito,<\/strong> nos interesa atraer al mejor talento humano con las habilidades y competencias, personas que act\u00faen con pasi\u00f3n y calidez promoviendo cada d\u00eda un ambiente laboral apropiado para trabajar en equipo.<\/p>\t\t\t\t\t\t<\/div>\n\t\t\t\t<\/div>\n\t\t\t\t\t<\/div>\n\t\t<\/div>\n\t\t\t\t\t\t\t<\/div>\n\t\t<\/section>\n\t\t\t\t<section class=\"elementor-section elementor-top-section elementor-element elementor-element-ae40a7b elementor-section-full_width elementor-section-height-default elementor-section-height-default\" data-id=\"ae40a7b\" data-element_type=\"section\">\n\t\t\t\t\t\t<div class=\"elementor-container elementor-column-gap-default\">\n\t\t\t\t\t<div class=\"elementor-column elementor-col-33 elementor-top-column elementor-element elementor-element-b8fea22\" data-id=\"b8fea22\" data-element_type=\"column\">\n\t\t\t<div class=\"elementor-widget-wrap elementor-element-populated\">\n\t\t\t\t\t\t\t\t<div class=\"elementor-element elementor-element-9780c83 elementor-invisible elementor-widget elementor-widget-image\" data-id=\"9780c83\" data-element_type=\"widget\" data-settings=\"{&quot;_animation&quot;:&quot;bounceInLeft&quot;}\" data-widget_type=\"image.default\">\n\t\t\t\t<div class=\"elementor-widget-container\">\n\t\t\t\t\t\t\t\t\t\t\t\t\t\t\t<img loading=\"lazy\" decoding=\"async\" width=\"500\" height=\"947\" src=\"https:\/\/tacoyburrito.com\/wp-content\/uploads\/2021\/06\/Pamela-Trabaja.jpg\" class=\"attachment-large size-large\" alt=\"\" srcset=\"https:\/\/tacoyburrito.com\/wp-content\/uploads\/2021\/06\/Pamela-Trabaja.jpg 500w, https:\/\/tacoyburrito.com\/wp-content\/uploads\/2021\/06\/Pamela-Trabaja-158x300.jpg 158w\" sizes=\"auto, (max-width: 500px) 100vw, 500px\" \/>\t\t\t\t\t\t\t\t\t\t\t\t\t\t\t<\/div>\n\t\t\t\t<\/div>\n\t\t\t\t\t<\/div>\n\t\t<\/div>\n\t\t\t\t<div class=\"elementor-column elementor-col-33 elementor-top-column elementor-element elementor-element-00166a9\" data-id=\"00166a9\" data-element_type=\"column\">\n\t\t\t<div class=\"elementor-widget-wrap elementor-element-populated\">\n\t\t\t\t\t\t\t\t<div class=\"elementor-element elementor-element-f13f280 elementor-invisible elementor-widget elementor-widget-image\" data-id=\"f13f280\" data-element_type=\"widget\" data-settings=\"{&quot;_animation&quot;:&quot;rubberBand&quot;}\" data-widget_type=\"image.default\">\n\t\t\t\t<div class=\"elementor-widget-container\">\n\t\t\t\t\t\t\t\t\t\t\t\t\t\t\t<img loading=\"lazy\" decoding=\"async\" width=\"600\" height=\"160\" src=\"https:\/\/tacoyburrito.com\/wp-content\/uploads\/2021\/06\/Tus-datos.jpg\" class=\"attachment-large size-large\" alt=\"\" srcset=\"https:\/\/tacoyburrito.com\/wp-content\/uploads\/2021\/06\/Tus-datos.jpg 600w, https:\/\/tacoyburrito.com\/wp-content\/uploads\/2021\/06\/Tus-datos-300x80.jpg 300w\" sizes=\"auto, (max-width: 600px) 100vw, 600px\" \/>\t\t\t\t\t\t\t\t\t\t\t\t\t\t\t<\/div>\n\t\t\t\t<\/div>\n\t\t\t\t<div class=\"elementor-element elementor-element-9514f4d elementor-widget elementor-widget-text-editor\" data-id=\"9514f4d\" data-element_type=\"widget\" data-widget_type=\"text-editor.default\">\n\t\t\t\t<div class=\"elementor-widget-container\">\n\t\t\t\t\t\t\t\t<p>\u00a0<\/p><p style=\"text-align: center;\">Pr\u00e9sentate con tu hoja de vida\u00a0<\/p><p style=\"text-align: center;\">a nuestro restaurante sera un placer conoserte\u00a0<\/p><p style=\"text-align: center;\">78\u00a0 rue Baby\u00a0<\/p><p style=\"text-align: center;\">Joliette\u00a0 J6E 2V5\u00a0<\/p><p style=\"text-align: center;\">\u00a0<\/p>\t\t\t\t\t\t<\/div>\n\t\t\t\t<\/div>\n\t\t\t\t\t<\/div>\n\t\t<\/div>\n\t\t\t\t<div class=\"elementor-column elementor-col-33 elementor-top-column elementor-element elementor-element-bbbc7dd\" data-id=\"bbbc7dd\" data-element_type=\"column\">\n\t\t\t<div class=\"elementor-widget-wrap elementor-element-populated\">\n\t\t\t\t\t\t\t\t<div class=\"elementor-element elementor-element-e4655c5 elementor-invisible elementor-widget elementor-widget-image\" data-id=\"e4655c5\" data-element_type=\"widget\" data-settings=\"{&quot;_animation&quot;:&quot;bounceInRight&quot;}\" data-widget_type=\"image.default\">\n\t\t\t\t<div class=\"elementor-widget-container\">\n\t\t\t\t\t\t\t\t\t\t\t\t\t\t\t<img loading=\"lazy\" decoding=\"async\" width=\"500\" height=\"732\" src=\"https:\/\/tacoyburrito.com\/wp-content\/uploads\/2021\/06\/Miguel-Trabaja.jpg\" class=\"attachment-large size-large\" alt=\"\" srcset=\"https:\/\/tacoyburrito.com\/wp-content\/uploads\/2021\/06\/Miguel-Trabaja.jpg 500w, https:\/\/tacoyburrito.com\/wp-content\/uploads\/2021\/06\/Miguel-Trabaja-205x300.jpg 205w\" sizes=\"auto, (max-width: 500px) 100vw, 500px\" \/>\t\t\t\t\t\t\t\t\t\t\t\t\t\t\t<\/div>\n\t\t\t\t<\/div>\n\t\t\t\t\t<\/div>\n\t\t<\/div>\n\t\t\t\t\t\t\t<\/div>\n\t\t<\/section>\n\t\t\t\t<section class=\"elementor-section elementor-top-section elementor-element elementor-element-5e0f840 elementor-section-boxed elementor-section-height-default elementor-section-height-default elementor-invisible\" data-id=\"5e0f840\" data-element_type=\"section\" data-settings=\"{&quot;background_background&quot;:&quot;slideshow&quot;,&quot;background_slideshow_gallery&quot;:[{&quot;id&quot;:2410,&quot;url&quot;:&quot;https:\\\/\\\/tacoyburrito.com\\\/wp-content\\\/uploads\\\/2021\\\/05\\\/Banner-mexicano.jpg&quot;}],&quot;animation&quot;:&quot;fadeIn&quot;,&quot;background_slideshow_loop&quot;:&quot;yes&quot;,&quot;background_slideshow_slide_duration&quot;:5000,&quot;background_slideshow_slide_transition&quot;:&quot;fade&quot;,&quot;background_slideshow_transition_duration&quot;:500}\">\n\t\t\t\t\t\t<div class=\"elementor-container elementor-column-gap-default\">\n\t\t\t\t\t<div class=\"elementor-column elementor-col-100 elementor-top-column elementor-element elementor-element-a73d79e\" data-id=\"a73d79e\" data-element_type=\"column\">\n\t\t\t<div class=\"elementor-widget-wrap elementor-element-populated\">\n\t\t\t\t\t\t\t\t<div class=\"elementor-element elementor-element-f249941 elementor-widget elementor-widget-spacer\" data-id=\"f249941\" data-element_type=\"widget\" data-widget_type=\"spacer.default\">\n\t\t\t\t<div class=\"elementor-widget-container\">\n\t\t\t\t\t<div class=\"elementor-spacer\">\n\t\t\t<div class=\"elementor-spacer-inner\"><\/div>\n\t\t<\/div>\n\t\t\t\t<\/div>\n\t\t\t\t<\/div>\n\t\t\t\t\t<\/div>\n\t\t<\/div>\n\t\t\t\t\t\t\t<\/div>\n\t\t<\/section>\n\t\t\t\t\t\t<\/div>\n\t\t\t\t\t<\/div>\n\t\t","protected":false},"excerpt":{"rendered":"<p>Buscamos nuevos miembros para nuestra familia Taco &amp; Burrito, personas con actitud positiva, compromiso y apasionados por servir y crear experiencias \u00fanicas para nuestros clientes. En Taco &amp; Burrito, nos interesa atraer al mejor talento humano con las habilidades y competencias, personas que act\u00faen con pasi\u00f3n y calidez promoviendo cada d\u00eda un ambiente laboral apropiado [&hellip;]<\/p>\n","protected":false},"author":1,"featured_media":0,"parent":0,"menu_order":0,"comment_status":"closed","ping_status":"closed","template":"","meta":{"footnotes":""},"class_list":["post-2831","page","type-page","status-publish","hentry"],"_links":{"self":[{"href":"https:\/\/tacoyburrito.com\/index.php?rest_route=\/wp\/v2\/pages\/2831","targetHints":{"allow":["GET"]}}],"collection":[{"href":"https:\/\/tacoyburrito.com\/index.php?rest_route=\/wp\/v2\/pages"}],"about":[{"href":"https:\/\/tacoyburrito.com\/index.php?rest_route=\/wp\/v2\/types\/page"}],"author":[{"embeddable":true,"href":"https:\/\/tacoyburrito.com\/index.php?rest_route=\/wp\/v2\/users\/1"}],"replies":[{"embeddable":true,"href":"https:\/\/tacoyburrito.com\/index.php?rest_route=%2Fwp%2Fv2%2Fcomments&post=2831"}],"version-history":[{"count":26,"href":"https:\/\/tacoyburrito.com\/index.php?rest_route=\/wp\/v2\/pages\/2831\/revisions"}],"predecessor-version":[{"id":6408,"href":"https:\/\/tacoyburrito.com\/index.php?rest_route=\/wp\/v2\/pages\/2831\/revisions\/6408"}],"wp:attachment":[{"href":"https:\/\/tacoyburrito.com\/index.php?rest_route=%2Fwp%2Fv2%2Fmedia&parent=2831"}],"curies":[{"name":"wp","href":"https:\/\/api.w.org\/{rel}","templated":true}]}}